{"id":553,"date":"2020-03-11T10:59:12","date_gmt":"2020-03-11T10:59:12","guid":{"rendered":"http:\/\/www.szkolenia-kccr.pl\/?page_id=553"},"modified":"2020-03-11T11:14:56","modified_gmt":"2020-03-11T11:14:56","slug":"negocjacje-i-psychomanipulacje","status":"publish","type":"page","link":"http:\/\/www.szkolenia-kccr.pl\/index.php\/negocjacje-i-psychomanipulacje\/","title":{"rendered":"Negocjacje i psychomanipulacje"},"content":{"rendered":"\t\t<div data-elementor-type=\"wp-page\" data-elementor-id=\"553\" class=\"elementor elementor-553\" data-elementor-settings=\"[]\">\n\t\t\t<div class=\"elementor-inner\">\n\t\t\t\t<div class=\"elementor-section-wrap\">\n\t\t\t\t\t\t\t<section class=\"elementor-element elementor-element-55eb24f0 elementor-section-full_width elementor-section-height-default elementor-section-height-default elementor-section elementor-top-section\" data-id=\"55eb24f0\" data-element_type=\"section\">\n\t\t\t\t\t\t<div class=\"elementor-container elementor-column-gap-default\">\n\t\t\t\t<div class=\"elementor-row\">\n\t\t\t\t<div class=\"elementor-element elementor-element-5cb71a4e elementor-column elementor-col-100 elementor-top-column\" data-id=\"5cb71a4e\" data-element_type=\"column\">\n\t\t\t<div class=\"elementor-column-wrap  elementor-element-populated\">\n\t\t\t\t\t<div class=\"elementor-widget-wrap\">\n\t\t\t\t<div class=\"elementor-element elementor-element-41bd88de elementor-widget elementor-widget-text-editor\" data-id=\"41bd88de\" data-element_type=\"widget\" data-widget_type=\"text-editor.default\">\n\t\t\t\t<div class=\"elementor-widget-container\">\n\t\t\t\t\t<div class=\"elementor-text-editor elementor-clearfix\"><p style=\"font-weight: 400;\"><strong>PROGRAM SZKOLENIA<\/strong><\/p>\n<p style=\"font-weight: 400;\"><strong>\u00a0 \u00a0 \u00a0 \u00a0 Asertywno\u015b\u0107 w kontaktach biznesowych i umiej\u0119tno\u015b\u0107 przekazywania informacji<\/strong><\/p>\n\n<ul>\n \t<li style=\"list-style-type: none;\">\n<ul>\n \t<li style=\"list-style-type: none;\">\n<ul>\n \t<li>Presja i manipulacja w negocjacjach- asertywne odwo\u0142ywanie si\u0119 do zasad firmy, postawa asertywna<\/li>\n \t<li>Jak pyta\u0107, by uzyska\u0107 jak najwi\u0119cej? (warsztat)<\/li>\n \t<li>Komunikacja pozytywna, czyli budowanie autorytetu w czasie negocjacji (warsztat)<\/li>\n<\/ul>\n\n<p style=\"font-weight: 400;\"><strong>Negocjacje<\/strong><\/p>\n\n<ul>\n \t<li>Manipulacje- rozpoznawanie i przeciwdzia\u0142anie<\/li>\n \t<li>Impas- jak poradzi\u0107 sobie z kryzysem negocjacyjnym (warsztat)\n<li>Negocjacje w praktyce- presupozycje i ich si\u0142a oddzia\u0142ywania (warsztat)<\/li>\n<\/ul>\n<\/li>\n<\/ul>\n<b style=\"font-weight: 400;\"><strong>\u00a0 \u00a0 \u00a0 \u00a0Psychomanipulacje\n<\/strong><\/b>\n<ul>\n \t<li>Techniki wywierania wp\u0142ywu- komunikacja podprogowa (warsztat)\n<p style=\"font-weight: 400;\"><\/p>\n<\/li>\n \t<li>Rola emocji w oddzia\u0142ywaniu perswazji<\/li>\n \t<li>Jak broni\u0107 si\u0119 przed manipulacj\u0105- asertywno\u015b\u0107 w praktyce (warsztat)<\/li>\n \t<li>Zasady i techniki demaskowania manipulacji<\/li>\n \t<li>Techniki presji pozycyjnej<span style=\"font-style: inherit;\">\n<\/span><\/li>\n \t<li>Taktyki wojny psychologicznej<span style=\"font-style: inherit;\">\n<\/span><\/li>\n \t<li>Taktyki dywersyjne\n<p style=\"font-weight: 400;\"><br>Szkolenie ma charakter warsztatowy, wykorzystuj\u0105cy aktywne metody anga\u017cuj\u0105ce wszystkich uczestnik\u00f3w. Ponad 75% programu szkoleniowego to stosowane \u0107wiczenia umiej\u0119tno\u015bci w danym zakresie tematycznym. Spotkania prowadzone s\u0105 metod\u0105 warsztatow\u0105 z wykorzystaniem: symulacji sytuacyjnej, case studies, pracy indywidualnej i w podgrupach, element\u00f3w coachingu, metody kuli \u015bnie\u017cnej, dyskusji moderowanej i innych. Podczas szkolenia uczestnicy ucz\u0105 si\u0119 i pracuj\u0105 na sytuacjach z w\u0142asnego \u017cycia, z jakimi maj\u0105 do czynienia w codziennej pracy zawodowej.<\/p>\n<p style=\"font-weight: 400;\">Otrzymywane przez uczestnik\u00f3w materia\u0142y szkoleniowe przygotowywane s\u0105 ze szczeg\u00f3lnym uwzgl\u0119dnieniem sytuacji zawodowych opisywanych przez uczestnik\u00f3w szkolenia. Zawieraj\u0105 opisy technik do indywidualnego zastosowania, gruntowne analizy sytuacji, przyk\u0142ady praktyczne i gotowe rozwi\u0105zania do zastosowania w codziennej pracy.<\/p>\n<p style=\"font-weight: 400;\"><strong>PROMOCYJNE CENY SZKOLENIA DLA WI\u0118KSZEJ ILO\u015aCI OS\u00d3B<\/strong><\/p>\n<p style=\"font-weight: 400;\">PROMOCJA 4+1\nPrzy zapisie pi\u0119ciu os\u00f3b z jednej instytucji\/ firmy, jedna osoba uczestniczy w szkoleniu gratis.<\/p>\nPROMOCJA 50%\nPrzy zapisie 3 uczestnik\u00f3w z jednej instytucji\/ firmy, jedna z nich bierze udzia\u0142 w szkoleniu z 50 % rabatem.\n<p style=\"font-weight: 400;\"><strong>\u00a0<\/strong><\/p>\n<p style=\"font-weight: 400;\"><strong>Wydarzenie zawiera:<\/strong><\/p>\n<p style=\"font-weight: 400;\">szkolenie, dwudaniowy obiad,\u00a0\u00a0indywidualne drukowane materia\u0142y dydaktyczne, imienne za\u015bwiadczenie o uko\u0144czeniu szkolenia, pocz\u0119stunek, bufet kawowy, opcjonalnie- indywidualne konsultacje po zako\u0144czeniu szkolenia<\/p>\n<p style=\"font-weight: 400;\">Zg\u0142oszenia na szkolenie b\u0119d\u0105 przyjmowane mailowo (kontakt@szkolenia-kccr.pl) lub telefonicznie 797 458 721, 32 2206826.<\/p>\n<\/li>\n<\/ul><\/div>\n\t\t\t\t<\/div>\n\t\t\t\t<\/div>\n\t\t\t\t\t\t<\/div>\n\t\t\t<\/div>\n\t\t<\/div>\n\t\t\t\t\t\t<\/div>\n\t\t\t<\/div>\n\t\t<\/section>\n\t\t\t\t<section class=\"elementor-element elementor-element-61edf7c elementor-section-boxed elementor-section-height-default elementor-section-height-default elementor-section elementor-top-section\" data-id=\"61edf7c\" data-element_type=\"section\">\n\t\t\t\t\t\t<div class=\"elementor-container elementor-column-gap-default\">\n\t\t\t\t<div class=\"elementor-row\">\n\t\t\t\t<div class=\"elementor-element elementor-element-416a9bb elementor-column elementor-col-100 elementor-top-column\" data-id=\"416a9bb\" data-element_type=\"column\">\n\t\t\t<div class=\"elementor-column-wrap  elementor-element-populated\">\n\t\t\t\t\t<div class=\"elementor-widget-wrap\">\n\t\t\t\t<div class=\"elementor-element elementor-element-789350b elementor-widget elementor-widget-heading\" data-id=\"789350b\" data-element_type=\"widget\" data-widget_type=\"heading.default\">\n\t\t\t\t<div class=\"elementor-widget-container\">\n\t\t\t<h2 class=\"elementor-heading-title elementor-size-medium\"><a href=\"http:\/\/www.szkolenia24h.pl\/oferta\/negocjacje-i-psychomanipulacje\/25341\/#terminy\">Kliknij aby sprawdzi\u0107 najbli\u017csze terminy<\/a><\/h2>\t\t<\/div>\n\t\t\t\t<\/div>\n\t\t\t\t\t\t<\/div>\n\t\t\t<\/div>\n\t\t<\/div>\n\t\t\t\t\t\t<\/div>\n\t\t\t<\/div>\n\t\t<\/section>\n\t\t\t\t\t\t<\/div>\n\t\t\t<\/div>\n\t\t<\/div>\n\t\t","protected":false},"excerpt":{"rendered":"<p>PROGRAM SZKOLENIA \u00a0 \u00a0 \u00a0 \u00a0 Asertywno\u015b\u0107 w kontaktach biznesowych i umiej\u0119tno\u015b\u0107 przekazywania informacji Presja i manipulacja w negocjacjach- asertywne odwo\u0142ywanie si\u0119 do zasad firmy, postawa asertywna Jak pyta\u0107, by uzyska\u0107 jak najwi\u0119cej? (warsztat) Komunikacja pozytywna, czyli budowanie autorytetu w czasie negocjacji (warsztat) Negocjacje Manipulacje- rozpoznawanie i przeciwdzia\u0142anie Impas- jak poradzi\u0107 sobie z kryzysem negocjacyjnym [&hellip;]<\/p>\n","protected":false},"author":1,"featured_media":0,"parent":0,"menu_order":0,"comment_status":"closed","ping_status":"open","template":"","meta":{"footnotes":""},"class_list":["post-553","page","type-page","status-publish","hentry"],"_links":{"self":[{"href":"http:\/\/www.szkolenia-kccr.pl\/index.php\/wp-json\/wp\/v2\/pages\/553","targetHints":{"allow":["GET"]}}],"collection":[{"href":"http:\/\/www.szkolenia-kccr.pl\/index.php\/wp-json\/wp\/v2\/pages"}],"about":[{"href":"http:\/\/www.szkolenia-kccr.pl\/index.php\/wp-json\/wp\/v2\/types\/page"}],"author":[{"embeddable":true,"href":"http:\/\/www.szkolenia-kccr.pl\/index.php\/wp-json\/wp\/v2\/users\/1"}],"replies":[{"embeddable":true,"href":"http:\/\/www.szkolenia-kccr.pl\/index.php\/wp-json\/wp\/v2\/comments?post=553"}],"version-history":[{"count":7,"href":"http:\/\/www.szkolenia-kccr.pl\/index.php\/wp-json\/wp\/v2\/pages\/553\/revisions"}],"predecessor-version":[{"id":561,"href":"http:\/\/www.szkolenia-kccr.pl\/index.php\/wp-json\/wp\/v2\/pages\/553\/revisions\/561"}],"wp:attachment":[{"href":"http:\/\/www.szkolenia-kccr.pl\/index.php\/wp-json\/wp\/v2\/media?parent=553"}],"curies":[{"name":"wp","href":"https:\/\/api.w.org\/{rel}","templated":true}]}}